{"id":424,"date":"2017-11-17T07:50:31","date_gmt":"2017-11-17T07:50:31","guid":{"rendered":"http:\/\/www2.walkinglugano.ch\/?page_id=424"},"modified":"2025-02-10T13:34:10","modified_gmt":"2025-02-10T13:34:10","slug":"infrastrukturen-und-dienstleistungen","status":"publish","type":"page","link":"https:\/\/www.ladiesrunticino.ch\/?page_id=424&lang=de","title":{"rendered":"Infrastrukturen und Dienstleistungen"},"content":{"rendered":"<p><strong>Village des Events<br \/>\n<\/strong>Das Village der Veranstaltung befindet sich auf der Piazza Manzoni.<\/p>\n<hr \/>\n<p><strong>Garderoben<br \/>\n<\/strong>Die Garderoben befinden sich in der Primarschule Del Bertaccio in der Via Regazzoni 12 (Lugano) und sind rasch zu Fuss und\/oder mit der Standseilbahn (Funicolare) erreichbar.<\/p>\n<ul>\n<li>Vom SBB-Bahnhof Lugano: 2 Min. zu Fuss (Richtung Lugano Zentrum).<\/li>\n<li>Vom Wettkampfort: 8 Min. zu Fuss (Richtung SBB-Bahnhof) oder mit der Standseilbahn (Funicolare), die von der Piazza Cioccaro zum Bahnhof f\u00e4hrt (Ticket in der Startnummer enthalten). Anschliessend 2 Min. zu Fuss (Richtung Lugano Zentrum)<\/li>\n<\/ul>\n<hr \/>\n<p><strong>Verpflegung<\/strong><strong><br \/>\n<\/strong><\/p>\n<ul>\n<li>Strecke 2.5 km: Verpflegung am Ziel<\/li>\n<li>Strecke 5 km: Verpflegung am Ziel und entlang der Strecke<\/li>\n<li>Strecke 10 km: Verpflegung am Ziel und entlang der Strecke<\/li>\n<li>Strecke 5 km (walking): Verpflegung am Ziel<\/li>\n<\/ul>\n<hr \/>\n<p><strong>Sanit\u00e4tsdienst<\/strong><\/p>\n<p>Sanit\u00e4tsdienst auf der Piazza Manzoni (Start-\/Zielbereich und Strecke) durch die Croce Verde von Lugano.<\/p>\n<p><img loading=\"lazy\" decoding=\"async\" class=\" wp-image-3153 alignnone\" src=\"https:\/\/www.ladiesrunticino.ch\/wp-content\/uploads\/2023\/02\/Logo-Croce-Verde-300x216.jpg\" sizes=\"(max-width: 167px) 100vw, 167px\" srcset=\"https:\/\/www.ladiesrunticino.ch\/wp-content\/uploads\/2023\/02\/Logo-Croce-Verde-300x216.jpg 300w, https:\/\/www.ladiesrunticino.ch\/wp-content\/uploads\/2023\/02\/Logo-Croce-Verde-768x552.jpg 768w, https:\/\/www.ladiesrunticino.ch\/wp-content\/uploads\/2023\/02\/Logo-Croce-Verde-520x374.jpg 520w, https:\/\/www.ladiesrunticino.ch\/wp-content\/uploads\/2023\/02\/Logo-Croce-Verde-740x532.jpg 740w, https:\/\/www.ladiesrunticino.ch\/wp-content\/uploads\/2023\/02\/Logo-Croce-Verde.jpg 919w\" alt=\"\" width=\"167\" height=\"120\" \/><\/p>\n<hr \/>\n<p><strong>Parkpl\u00e4tze<\/strong><\/p>\n<ul>\n<li>Parkpl\u00e4tze und Parkh\u00e4user (gegen Geb\u00fchr) sind im Stadtplan vermerkt.<\/li>\n<li>Die Start\/Ziel Zone und die Umkleider\u00e4ume sind von den Parkpl\u00e4tzen in 10 Minuten zu Fuss erreichbar.<\/li>\n<li>Blaue Zone im Stadtzentrum: Sonntags sind die Parkpl\u00e4tze in dieser Zone frei verf\u00fcgbar.<\/li>\n<\/ul>\n","protected":false},"excerpt":{"rendered":"<p><a class=\"read-more\" href=\"https:\/\/www.ladiesrunticino.ch\/?page_id=424&#038;lang=de\">+ Info<\/a><\/p>\n","protected":false},"author":2,"featured_media":0,"parent":422,"menu_order":0,"comment_status":"closed","ping_status":"closed","template":"","meta":{"footnotes":""},"_links":{"self":[{"href":"https:\/\/www.ladiesrunticino.ch\/index.php?rest_route=\/wp\/v2\/pages\/424"}],"collection":[{"href":"https:\/\/www.ladiesrunticino.ch\/index.php?rest_route=\/wp\/v2\/pages"}],"about":[{"href":"https:\/\/www.ladiesrunticino.ch\/index.php?rest_route=\/wp\/v2\/types\/page"}],"author":[{"embeddable":true,"href":"https:\/\/www.ladiesrunticino.ch\/index.php?rest_route=\/wp\/v2\/users\/2"}],"replies":[{"embeddable":true,"href":"https:\/\/www.ladiesrunticino.ch\/index.php?rest_route=%2Fwp%2Fv2%2Fcomments&post=424"}],"version-history":[{"count":8,"href":"https:\/\/www.ladiesrunticino.ch\/index.php?rest_route=\/wp\/v2\/pages\/424\/revisions"}],"predecessor-version":[{"id":3968,"href":"https:\/\/www.ladiesrunticino.ch\/index.php?rest_route=\/wp\/v2\/pages\/424\/revisions\/3968"}],"up":[{"embeddable":true,"href":"https:\/\/www.ladiesrunticino.ch\/index.php?rest_route=\/wp\/v2\/pages\/422"}],"wp:attachment":[{"href":"https:\/\/www.ladiesrunticino.ch\/index.php?rest_route=%2Fwp%2Fv2%2Fmedia&parent=424"}],"curies":[{"name":"wp","href":"https:\/\/api.w.org\/{rel}","templated":true}]}}