{"id":452,"date":"2017-11-17T08:12:16","date_gmt":"2017-11-17T08:12:16","guid":{"rendered":"http:\/\/www2.walkinglugano.ch\/?page_id=452"},"modified":"2026-03-16T13:16:16","modified_gmt":"2026-03-16T13:16:16","slug":"rabatte-und-angebote-unserer-partner","status":"publish","type":"page","link":"https:\/\/www.ladiesrunticino.ch\/?page_id=452&lang=de","title":{"rendered":"Rabatte und Angebote unserer Partner"},"content":{"rendered":"<p><strong>Gruppen<\/strong><\/p>\n<ul>\n<li>12.5% Rabatt ab 8 Teilnehmerinnen.<\/li>\n<li>Letzter Anmeldeschluss: 19. April 2026<\/li>\n<li><strong><a href=\"https:\/\/www.ladiesrunticino.ch\/wp-content\/uploads\/2026\/03\/Gruppi_it.xls\">Anmeldeformular<\/a><\/strong><\/li>\n<\/ul>\n<p><strong><br \/><br \/>Mutter &amp; T\u00f6chter<\/strong><\/p>\n<ul>\n<li>25% Rabatt<\/li>\n<li>Letzter Anmeldeschluss: 19. April 2026<\/li>\n<li><strong><a href=\"https:\/\/www.ladiesrunticino.ch\/wp-content\/uploads\/2026\/03\/Mamma-e-figlia2026.docx\">Anmeldeformular<\/a><\/strong><\/li>\n<\/ul>\n<p><strong><br \/><br \/>Team<\/strong><\/p>\n<ul>\n<li>Anmeldung: 4 Frauen<\/li>\n<li>G\u00fcltig auf der Strecke\u00a0<a href=\"https:\/\/www.ladiesrunticino.ch\/?page_id=478&amp;lang=de\" target=\"_blank\" rel=\"noreferrer noopener\">\u201eClassic\u201c<\/a>\u00a05 km<\/li>\n<li>Einzelwertung und Preis f\u00fcr das schnellste \u201eTeam\u201c (es z\u00e4hlt die Zeit der 3. L\u00e4uferin, die die Ziellinie \u00fcberquert)<\/li>\n<li>CHF 125.-<\/li>\n<li>Jetzt anmelden auf\u00a0<a href=\"https:\/\/www.performance-timing.ch\/registration\/380557\" target=\"_blank\" rel=\"noreferrer noopener\"><strong>www<\/strong>.<strong>performancetiming<\/strong>.<strong>ch<\/strong><\/a><\/li>\n<\/ul>\n<p><strong><br \/><br \/>Family Run\u00a0<\/strong>(auch f\u00fcr Kinder, Ehemann\/PartnerIn ge\u00f6ffnet)<\/p>\n<ul>\n<li>Maximal zwei Erwachsene (\u00fcber 18 Jahre) und mindestens eine Person unter 18 Jahren.<\/li>\n<li>Beinhaltet eine Startnummer und eine Tageskarte Arcobaleno f\u00fcr jedes angemeldete Familienmitglied und ein einziges Wettkapmfpaket (zus\u00e4tzliche T-Shirts k\u00f6nnen vor Ort zum Preis von CHF 5 pro St\u00fcck gekauft werden).<\/li>\n<li>CHF 60.-<\/li>\n<li><a href=\"https:\/\/www.ladiesrunticino.ch\/wp-content\/uploads\/2026\/03\/Family-Run2026.docx\"><strong>Anmeldformular<\/strong><\/a><\/li>\n<\/ul>\n<p><strong><br \/><br \/>Kundinnen mit einem Paket von BancaStato<\/strong><\/p>\n<ul>\n<li>CHF 10.- Rabatt auf alle Tarife (ausgenommen Voranmeldungen und andere Erm\u00e4ssigungen).<\/li>\n<li>Anmeldung mittels IBAN CH67 0076 4138 7356 3200 1 mit den folgenden Angaben: Name, Vorname, Postadresse, E-mail, Strecke, Geburtsdatum.<\/li>\n<li><em>Letzter Anmeldeschluss<\/em>:\u00a0<em>19. April 2026<\/em><\/li>\n<\/ul>\n<p>\u00a0<\/p>\n<p><strong>M\u00e4dchen<\/strong><\/p>\n<p>M\u00e4dchen (2014 und j\u00fcnger):\u00a0 CHF 15.- auf alle Strecken (Online-Anmeldungen innert der Fristen).<br \/><br \/><\/p>\n<p><strong><br \/>Angebot Voranmeldungen (abgelaufen)<\/strong><\/p>\n<p>Reduzierte Tarife f\u00fcr alle, die sich online bis am 15. M\u00e4rz 2026 anmelden.<\/p>\n<ul>\n<li>2.5 km: CHF 24.- (<em>statt CHF 31.-)<\/em><\/li>\n<li>5 km: CHF 27.- (<em>statt CHF 36.-)<\/em><\/li>\n<li>10 km: CHF 32.-<em>\u00a0(statt CHF 41.-)<\/em><\/li>\n<li>Sunset Walking (5 km): CHF 23.- (<em>statt CHF 30.<\/em>-)<\/li>\n<li><a href=\"https:\/\/www.performance-timing.ch\/registration\/380557\" target=\"_blank\" rel=\"noreferrer noopener\"><strong>jetzt anmelden mit Rabatt<\/strong><\/a><\/li>\n<\/ul>\n\n\n<p><\/p>\n","protected":false},"excerpt":{"rendered":"<p><a class=\"read-more\" href=\"https:\/\/www.ladiesrunticino.ch\/?page_id=452&#038;lang=de\">+ Info<\/a><\/p>\n","protected":false},"author":2,"featured_media":0,"parent":447,"menu_order":0,"comment_status":"closed","ping_status":"closed","template":"","meta":{"footnotes":""},"_links":{"self":[{"href":"https:\/\/www.ladiesrunticino.ch\/index.php?rest_route=\/wp\/v2\/pages\/452"}],"collection":[{"href":"https:\/\/www.ladiesrunticino.ch\/index.php?rest_route=\/wp\/v2\/pages"}],"about":[{"href":"https:\/\/www.ladiesrunticino.ch\/index.php?rest_route=\/wp\/v2\/types\/page"}],"author":[{"embeddable":true,"href":"https:\/\/www.ladiesrunticino.ch\/index.php?rest_route=\/wp\/v2\/users\/2"}],"replies":[{"embeddable":true,"href":"https:\/\/www.ladiesrunticino.ch\/index.php?rest_route=%2Fwp%2Fv2%2Fcomments&post=452"}],"version-history":[{"count":53,"href":"https:\/\/www.ladiesrunticino.ch\/index.php?rest_route=\/wp\/v2\/pages\/452\/revisions"}],"predecessor-version":[{"id":4494,"href":"https:\/\/www.ladiesrunticino.ch\/index.php?rest_route=\/wp\/v2\/pages\/452\/revisions\/4494"}],"up":[{"embeddable":true,"href":"https:\/\/www.ladiesrunticino.ch\/index.php?rest_route=\/wp\/v2\/pages\/447"}],"wp:attachment":[{"href":"https:\/\/www.ladiesrunticino.ch\/index.php?rest_route=%2Fwp%2Fv2%2Fmedia&parent=452"}],"curies":[{"name":"wp","href":"https:\/\/api.w.org\/{rel}","templated":true}]}}