{"id":456,"date":"2017-11-17T08:15:56","date_gmt":"2017-11-17T08:15:56","guid":{"rendered":"http:\/\/www2.walkinglugano.ch\/?page_id=456"},"modified":"2025-10-27T15:05:16","modified_gmt":"2025-10-27T15:05:16","slug":"startgeld-und-reglement","status":"publish","type":"page","link":"https:\/\/www.ladiesrunticino.ch\/?page_id=456&lang=de","title":{"rendered":"Startgeld und Reglement"},"content":{"rendered":"\n<p><em>Letzte Aktualisierung am <\/em>24. Oktober 2025<\/p>\n\n\n\n<hr class=\"wp-block-separator has-css-opacity\"\/>\n\n\n\n<h4 class=\"wp-block-heading\"><strong>DATUM UND ORT DES ANLASSES<\/strong><\/h4>\n\n\n\n<p>Sonntag, 9. Mai 2026 von 15 bis 21Uhr<br>Village und Ziel: Piazza Manzoni, Lugano<br>Start: Auf der Seepromenade in Lugano<\/p>\n\n\n\n<hr class=\"wp-block-separator has-css-opacity\"\/>\n\n\n\n<h4 class=\"wp-block-heading\"><strong>STRECKEN<\/strong><\/h4>\n\n\n\n<ul>\n<li><a href=\"https:\/\/www.ladiesrunticino.ch\/?page_id=476&amp;lang=de\"><strong>mehr dazu<\/strong><\/a><\/li>\n<\/ul>\n\n\n\n<hr class=\"wp-block-separator has-css-opacity\"\/>\n\n\n\n<h4 class=\"wp-block-heading\"><strong>KATEGORIEN<\/strong><\/h4>\n\n\n\n<ul>\n<li>U12: 2054 und j\u00fcnger (<strong>nur f\u00fcr die Sprint Strecke von 2.5 km<\/strong>)<\/li>\n\n\n\n<li>U20: 2007 und j\u00fcnger<\/li>\n\n\n\n<li>W: 2004 \u2013 1987<\/li>\n\n\n\n<li>W40: 1986 \u2013 1977<\/li>\n\n\n\n<li>W50: 1976 und \u00e4lter<\/li>\n<\/ul>\n\n\n\n<hr class=\"wp-block-separator has-css-opacity\"\/>\n\n\n\n<h4 class=\"wp-block-heading\"><strong>STARTZEITEN<\/strong><\/h4>\n\n\n\n<ul>\n<li><a href=\"https:\/\/www.ladiesrunticino.ch\/?page_id=512&amp;lang=de\"><strong>mehr dazu<\/strong><\/a><\/li>\n<\/ul>\n\n\n\n<hr class=\"wp-block-separator has-css-opacity\"\/>\n\n\n\n<h4 class=\"wp-block-heading\"><strong>RANGLISTEN<\/strong><\/h4>\n\n\n\n<p>Die Ranglisten mit den Laufzeiten sind am Ende der Veranstaltung auf www.ladiesrunticino.ch oder&nbsp;<a href=\"https:\/\/performancetiming.ch\/\" target=\"_blank\" rel=\"noopener noreferrer\">www.performancetiming.ch<\/a> ersichtlich.<\/p>\n\n\n\n<hr class=\"wp-block-separator has-css-opacity\"\/>\n\n\n\n<h4 class=\"wp-block-heading\"><strong>PR\u00c4MIERUNGEN<\/strong><\/h4>\n\n\n\n<p>Preis an die Erstklassifizierten absolut und von jeder Kategorie.<br>2.5 km Strecke: Preis an die 3 Erstklassifizierten der Kategorie U12.<br>Family und Team: Preis f\u00fcr die erste Familie und das erste Team<br>Sunset Walking: Laufzeiten ohne Wertung und ohne Preis<\/p>\n\n\n\n<hr class=\"wp-block-separator has-css-opacity\"\/>\n\n\n\n<h4 class=\"wp-block-heading\"><strong>ANMELDUNGEN<\/strong><\/h4>\n\n\n\n<ul>\n<li><a href=\"https:\/\/www.ladiesrunticino.ch\/?page_id=450&amp;lang=de\"><strong>mehr dazu <\/strong><\/a><\/li>\n<\/ul>\n\n\n\n<hr class=\"wp-block-separator has-css-opacity\"\/>\n\n\n\n<h4 class=\"wp-block-heading\"><strong>TEILNAHME<\/strong><\/h4>\n\n\n\n<p><strong>Verhinderte Teilnahme<\/strong><br>Keine R\u00fcckerstattung des Startgeldes.<\/p>\n\n\n\n<p><strong>Absage der Veranstaltung wegen h\u00f6herer Gewalt<\/strong><br>Im Falle einer Absage der Veranstaltung aufgrund h\u00f6herer Gewalt bleibt die Anmeldung g\u00fcltig und wird automatisch auf die folgende Ausgabe \u00fcbertragen. Es erfolgt keine R\u00fcckerstattung des bereits gezahlten Startgeldes.<\/p>\n\n\n\n<hr class=\"wp-block-separator has-css-opacity\"\/>\n\n\n\n<h4 class=\"wp-block-heading\"><strong>ANMELDEFRISTEN<\/strong><\/h4>\n\n\n\n<ul>\n<li><a href=\"https:\/\/www.ladiesrunticino.ch\/?page_id=447&amp;lang=de\"><strong>mehr dazu<\/strong><\/a><\/li>\n<\/ul>\n\n\n\n<hr class=\"wp-block-separator has-css-opacity\"\/>\n\n\n\n<h4 class=\"wp-block-heading\"><strong>STARTGELD<\/strong><\/h4>\n\n\n\n<p><strong>Online-Anmeldungen<\/strong><\/p>\n\n\n\n<ul>\n<li><a href=\"https:\/\/www.ladiesrunticino.ch\/?page_id=447&amp;lang=de\"><strong>hier klicken<\/strong><\/a><\/li>\n<\/ul>\n\n\n\n<p><strong>Spezialtarife bei Early Bird-Anmeldungen<\/strong><\/p>\n\n\n\n<ul>\n<li><a href=\"https:\/\/www.ladiesrunticino.ch\/?page_id=447&amp;lang=de\"><strong>mehr dazu<\/strong><\/a><\/li>\n<\/ul>\n\n\n\n<p><strong>Zuschl\u00e4ge<\/strong><\/p>\n\n\n\n<ul>\n<li><a href=\"https:\/\/www.ladiesrunticino.ch\/?page_id=447&amp;lang=de\"><strong>mehr dazu<\/strong><\/a><\/li>\n<\/ul>\n\n\n\n<hr class=\"wp-block-separator has-css-opacity\"\/>\n\n\n\n<h4 class=\"wp-block-heading\"><strong>WETTKAMPFPAKET<\/strong><\/h4>\n\n\n\n<ul>\n<li><a href=\"https:\/\/www.ladiesrunticino.ch\/?page_id=466&amp;lang=de\"><strong>mehr dazu<\/strong><\/a><\/li>\n<\/ul>\n\n\n\n<hr class=\"wp-block-separator has-css-opacity\"\/>\n\n\n\n<h4 class=\"wp-block-heading\"><strong>STARTNUMMERN<\/strong><\/h4>\n\n\n\n<p><strong>Alle<\/strong> Startnummern m\u00fcssen vor Ort abgeholt werden (Piazza Manzoni, Lugano):<\/p>\n\n\n\n<ul>\n<li>Samstag, 9. Mai 2026 ab 15:00 Uhr<\/li>\n<\/ul>\n\n\n\n<p>Arcobaleno Tageskarte: jede Teilnehmerinn erh\u00e4lt per E-Mail einen Code, der dem Kontrolleur als Fahrkarte f\u00fcr den Tag der Veranstaltung vorgelegt werden muss.<\/p>\n\n\n\n<hr class=\"wp-block-separator has-css-opacity\"\/>\n\n\n\n<h4 class=\"wp-block-heading\"><strong>GARDEROBEN<\/strong><\/h4>\n\n\n\n<p>Umkleider\u00e4ume mit Duschen in der Bertaccio-Grundschule. Den Teilnehmenden steht auch ein Gazebo innerhalb des Startbereichs zur Verf\u00fcgung.<\/p>\n\n\n\n<hr class=\"wp-block-separator has-css-opacity\"\/>\n\n\n\n<h4 class=\"wp-block-heading\"><b>VERPFLEGUNG<\/b><\/h4>\n\n\n\n<p>Es sind Verpflegungsposten entlang der Strecken und am Ziel vorgesehen.<\/p>\n\n\n\n<hr class=\"wp-block-separator has-css-opacity\"\/>\n\n\n\n<h4 class=\"wp-block-heading\"><strong>ZEITMESSUNG<\/strong><\/h4>\n\n\n\n<p>Mittels eines in die Startnummer integrierten Chip von <a href=\"https:\/\/performancetiming.ch\/\" target=\"_blank\" rel=\"noopener noreferrer\">www.performancetiming.ch<\/a>.<\/p>\n\n\n\n<hr class=\"wp-block-separator has-css-opacity\"\/>\n\n\n\n<h4 class=\"wp-block-heading\"><strong>SANIT\u00c4TSDIENST<\/strong><\/h4>\n\n\n\n<p>Am Start\/Ziel<\/p>\n\n\n\n<hr class=\"wp-block-separator has-css-opacity\"\/>\n\n\n\n<h4 class=\"wp-block-heading\"><strong>ANREISE<\/strong><\/h4>\n\n\n\n<p>Im Startgeld inbegriffen ist eine Tageskarte Arcobaleno des Kantons Tessin, g\u00fcltig am Veranstaltungstag.<\/p>\n\n\n\n<hr class=\"wp-block-separator has-css-opacity\"\/>\n\n\n\n<h4 class=\"wp-block-heading\"><strong>VERSICHERUNG<\/strong><\/h4>\n\n\n\n<p>Die Versicherung geht zulasten der Teilnehmerinnen. Die Veranstalter lehnen jegliche Haftung bei Unf\u00e4llen, Schadensf\u00e4llen und Diebstahl ab.<\/p>\n\n\n\n<hr class=\"wp-block-separator has-css-opacity\"\/>\n\n\n\n<h4 class=\"wp-block-heading\"><strong>VERWENDUNG DER PERS\u00d6NLICHEN DATEN<\/strong><\/h4>\n\n\n\n<p>Der Veranstalter beh\u00e4lt sich das Recht vor,&nbsp;sofern Sie sich nicht schriftlich dagegen aussprechen, die im Verlauf der Veranstaltung gemachten Fotos im Internet zu ver\u00f6ffentlichen und die bei der Anmeldung gelieferten pers\u00f6nlichen Daten f\u00fcr Marketingzwecke (eigene und der Partner des Events) zu verwenden.<\/p>\n\n\n\n<hr class=\"wp-block-separator has-css-opacity\"\/>\n\n\n\n<h4 class=\"wp-block-heading\"><strong>ABSPERRUNG F\u00dcR DEN VERKEHR<\/strong><\/h4>\n\n\n\n<p>Der Parcours ist nur teilweise f\u00fcr den Verkehr gesperrt. Die Organisatoren und die Polizei bitten die Teilnehmerinnen, sich auf den Gehsteigen oder, wenn nicht vorhanden, am Strassenrand fortzubewegen. Die Teilnehmenden sind in jedem Fall aufgefordert, den Art. 49 des Strassenverkehrsgesetzes f\u00fcr Fussg\u00e4nger zu befolgen. Die Organisatoren lehnen jede Verantwortung bei dessen Uebertretung ab.<\/p>\n\n\n\n<p>Strecke \u201cSunset Walking\u201d:  es ist nicht erlaubt, auf der Strecke zu rennen.<\/p>\n","protected":false},"excerpt":{"rendered":"<p><a class=\"read-more\" href=\"https:\/\/www.ladiesrunticino.ch\/?page_id=456&#038;lang=de\">+ Info<\/a><\/p>\n","protected":false},"author":2,"featured_media":0,"parent":447,"menu_order":2,"comment_status":"closed","ping_status":"closed","template":"","meta":{"footnotes":""},"_links":{"self":[{"href":"https:\/\/www.ladiesrunticino.ch\/index.php?rest_route=\/wp\/v2\/pages\/456"}],"collection":[{"href":"https:\/\/www.ladiesrunticino.ch\/index.php?rest_route=\/wp\/v2\/pages"}],"about":[{"href":"https:\/\/www.ladiesrunticino.ch\/index.php?rest_route=\/wp\/v2\/types\/page"}],"author":[{"embeddable":true,"href":"https:\/\/www.ladiesrunticino.ch\/index.php?rest_route=\/wp\/v2\/users\/2"}],"replies":[{"embeddable":true,"href":"https:\/\/www.ladiesrunticino.ch\/index.php?rest_route=%2Fwp%2Fv2%2Fcomments&post=456"}],"version-history":[{"count":61,"href":"https:\/\/www.ladiesrunticino.ch\/index.php?rest_route=\/wp\/v2\/pages\/456\/revisions"}],"predecessor-version":[{"id":4340,"href":"https:\/\/www.ladiesrunticino.ch\/index.php?rest_route=\/wp\/v2\/pages\/456\/revisions\/4340"}],"up":[{"embeddable":true,"href":"https:\/\/www.ladiesrunticino.ch\/index.php?rest_route=\/wp\/v2\/pages\/447"}],"wp:attachment":[{"href":"https:\/\/www.ladiesrunticino.ch\/index.php?rest_route=%2Fwp%2Fv2%2Fmedia&parent=456"}],"curies":[{"name":"wp","href":"https:\/\/api.w.org\/{rel}","templated":true}]}}